4))). Give b(g).
-45
Suppose -3*t + 21 = -3*z, 4*t + z - 33 = 6*z. Let c(s) = 0*s + 8*s - 3*s + t. Give c(-3).
-13
Suppose 42*h + 24*h - 1743 = -1743. Let n(x) be the third derivative of 41*x**2 + 0*x + 1/24*x**4 + 2/3*x**3 + h. Calculate n(7).
11
Suppose 0 = -i - 2*i - y - 11, -5*y + 5 = 0. Let b(j) = -4*j + 6. Let m(o) = 3*o - 8. Let z(h) = i*b(h) - 5*m(h). What is z(-9)?
7
Let t(x) = -x**2 - 4. Let l be 75130/1210 - (-2)/(-22). Suppose -209 = -4*c + 39. Let n = c - l. Calculate t(n).
-4
Let h(g) be the third derivative of g**6/120 - g**5/10 + 5*g**4/24 + 2*g**3/3 + 246*g**2. Give h(4).
-8
Let q(u) = 2*u. Let x be q(1). Let d(t) = -x + 2 - 4*t + 2. Suppose 47126*f - 5*c = 47131*f - 5, -5*f = 4*c - 7. Calculate d(f).
-10
Let o(y) = 8*y - 2. Let i(u) = 39*u + 1. Let w(n) = -i(n) + 5*o(n). Let m(s) = 4*s + 1. Let x be m(2). Let r = 3 + x. What is w(r)?
1
Suppose 2*i = -5*p + 26, -3*p + 2*p + i = -1. Let a be 16/(-6)*(2 + (-14)/p). Let h(b) = -2 + 0*b - 6*b - a*b + 9*b. What is h(-6)?
4
Let m(p) = -11*p + 11. Let n(i) = 32*i - 34. Let z(x) = 11*m(x) + 4*n(x). Let b(l) = -17*l + 31. Let j(w) = -2*b(w) - 5*z(w). Determine j(6).
7
Let j(a) = -948*a**2 - 15*a - 4. Let w(r) = 1258*r**2 + 16*r + 5. Let f(v) = -4*j(v) - 3*w(v). Determine f(-2).
49
Let c(x) = -x**3 + 5*x**2 - 4*x - 1. Let o be c(5). Let u = o + 18. Let z(w) be the second derivative of -w**5/20 - w**4/4 + 2*w**2 - 44*w. Determine z(u).
4
Let b(v) = -2*v + 48. Let i(q) = -1084*q - 3224. Let k be i(-3). Give b(k).
-8
Let u(o) = o**2 + 9*o + 8. Suppose d = -0*d - 4. Let j be (-14)/(-3 + (-16)/d). Let y = -20 - j. Give u(y).
-10
Let u = -257 + 263. Let t(c) be the second derivative of 0 - 1/3*c**3 + 3/2*c**2 + 2*c. Calculate t(u).
-9
Let y(t) = 6*t**3 + 2*t + 1. Suppose -o = 3*n + 1, -4*n + 2*o = -n + 7. What is y(n)?
-7
Let r(k) = -12*k. Let t(d) = -184*d - 3. Let w(v) = -16*r(v) + t(v). Determine w(-1).
-11
Let v(w) = 20*w + 13 - 10*w + 2*w**2 - 21*w + 61*w + 52*w. Calculate v(-51).
13
Let c(y) be the first derivative of -5*y - 1/2*y**2 - 15. Suppose 3*i + 2 = -19. What is c(i)?
2
Let c(b) = -b**3 + b**2 + 2*b + 2. Let l be (0 + 0)/(12/(9 - 3)). Suppose n - y = 6, 5*n + l - 18 = y. Determine c(n).
-10
Suppose 198*t = 42*t - 1560. Let j(s) = -s**3 - 10*s**2 + 2*s + 12. Determine j(t).
-8
Let o(u) be the second derivative of -u**5/20 - u**4/2 - 3*u**2 + 2*u. Let p = 87 + -78. Let g(y) = -6*y + 48. Let n be g(p). Give o(n).
-6
Let d(x) be the first derivative of -x**2/2 + 11*x - 1921. Calculate d(0).
11
Let l(i) = 2*i**2 + 4 + 10*i + 11*i + 5*i + 2*i**2 - 30*i. Give l(3).
28
Let t(l) = 26*l - 204. Let v(i) = -4*i + 35. Let b(c) = 6*t(c) + 35*v(c). What is b(0)?
1
Let p be -1*1/5 + 4619/745. Let q(c) = -4*c - 37. Let i(m) = m + 13. Let y(v) = p*q(v) + 17*i(v). Calculate y(-3).
20
Suppose -2*f = -35*f + 165. Suppose -5*p = -0*p - 4*y - 84, 0 = -2*p - y + 31. Let k(c) = c + 9 - p + f. What is k(6)?
4
Let a(k) be the first derivative of -k**5/60 - k**4/24 + k**3/2 - k**2 + 25*k - 72. Let g(i) be the second derivative of a(i). Calculate g(3).
-9
Let c(q) = -2*q + 3. Let h be c(-4). Let z(u) = -11 + 19*u**3 + 547*u**2 - 1103*u**2 + 546*u**2 - 10*u - 18*u**3. Calculate z(h).
0
Let z(m) = 60*m - 538. Let l(b) = 2*b - 12. Let d(i) = -102*l(i) + 3*z(i). Give d(-16).
-6
Let x(g) = g**3 + 6*g**2 - g - 5. Suppose k - 20 = -3*w, 3 + 5 = w - k. Let i be -2*(w + -5) - 2. Determine x(i).
1
Let n(p) = -2*p + 1. Let t(r) = -1. Let q(i) = n(i) - 4*t(i). Let z(c) = -3*c**2 - 19*c + 78. Let j be z(-9). Determine q(j).
-7
Let g(q) = 2*q**2 + 5*q - 3. Suppose 20 = s + 4*s. Suppose 3*x = x + s. Suppose 10 - x = -2*v. What is g(v)?
9
Let x be 2 + 9/3*(-9 + 10). Let y(g) = -6*g + 28. What is y(x)?
-2
Let j(i) = i**2 + 6*i + 4. Suppose 15*w = 94 + 11. Let p be (w + -1)/((-3)/(12/8)). Give j(p).
-5
Let g(f) = -6*f**2 - 56*f + 24. Let r(i) = 11*i**2 + 97*i - 48. Let s(l) = -7*g(l) - 4*r(l). Give s(6).
-24
Let z(m) be the second derivative of -m**5/20 + m**4/6 + m**3/2 + m**2 + m - 72. Give z(4).
-18
Suppose 5*k = -21 - 14. Let f(a) be the second derivative of -a**4/6 - 3*a**3/2 + 7*a**2/2 + 89*a + 79. What is f(k)?
-28
Let v(u) = 2*u + 28. Let k(g) = -3*g**2 - 144*g - 874. Let s be k(-41). Determine v(s).
2
Let z(h) be the second derivative of -h**8/6720 - h**7/180 - h**5/60 - 16*h**4 - 6*h. Let l(y) be the third derivative of z(y). Give l(-14).
-2
Let z(s) be the third derivative of -s**4/24 + 4*s**3/3 - s**2. Let d(c) = c**3 + 9*c**2 + c - 82. Let a be d(-7). Calculate z(a).
-1
Let y be 2 - (-3 - (-6)/2). Let n be (-35)/(-10)*y/(-1). Let b(j) = 6*j + j + 3 - 6*j. Calculate b(n).
-4
Let i(u) = -u**3 + 2*u**2 - u - 11. Suppose -3*z - 32 = -3*n - 38, z = -n + 4. Let y be i(z). Let d(v) = -v**2 - 24*v - 22. What is d(y)?
1
Let b(c) = 15*c**3 - 43*c**2 + 33*c - 53. Let o(r) = 17*r**3 - 45*r**2 + 34*r - 50. Let l(a) = 9*b(a) - 8*o(a). Determine l(-28).
7
Let q(w) = 509 - 233 + w**2 - 246 + 13*w. Give q(-12).
18
Let y = -9 + 2. Suppose 12 - 8 = p. Let w(o) = -2*o**2 + 13*o + 9. Let k(b) = -3*b**2 + 15*b + 10. Let f(m) = p*w(m) - 3*k(m). What is f(y)?
6
Let l(k) = 1763*k - 5291. Let p be l(3). Let v(q) be the second derivative of q**5/10 + q**4/3 + q**3/3 - q. Give v(p).
-4
Let s = 93 + -76. Let z(g) = -10*g - s + g**3 - 7*g**3 + 14 + 2*g**2 + g. Let t(b) = -b**3 - b**2 - b + 1. Let v(k) = 5*t(k) - z(k). What is v(6)?
-4
Let l(m) = -91*m**2 + 6 + m - 14 + 96*m**2. Determine l(-3).
34
Let n(g) = -g**2 + 10*g - 11. Suppose -4*l = a + 129, 4*l + 170 = -l - 3*a. Let o = l + 39. Calculate n(o).
5
Let r(g) = 2*g. Suppose -447*l + 215*l + 226*l + 18 = 0. Determine r(l).
6
Let c(w) = w - 6. Suppose 0 = -5*a - 17*a + 220. Suppose a - 45 = -5*r. Give c(r).
1
Let c(f) = 15*f**3 + 2*f**2 + f. Let w(r) = 6*r + 27 - 12 + 26. Let g be w(-8). Let m be ((-1)/2)/(g/(-14)). Give c(m).
-14
Let i(b) = 7*b + b**2 + 92*b**3 - 6*b**2 + 34 + 87*b**3 - 180*b**3 - 9. What is i(-5)?
-10
Let z = 509 + -508. Let n(y) = -y + 4 + 2 + z - 12. Calculate n(-12).
7
Suppose 2*p + 5*p - 56 = -4*h, 4*h - p + 8 = 0. Let j(z) = z**3 + z**2 - 2*z + 82. Determine j(h).
82
Suppose -64*o = -81 - 90 - 213. Let y(t) = -t**2 + 4*t + 15. Give y(o).
3
Let z(p) = 2238*p - p**2 - 1132*p + 4 - 1141*p. Give z(-35).
4
Let u be (-1)/((-3)/87) + -1 + -1. Let y(x) = -u + 5*x + 26 + 3*x. Suppose -4 - 6 = 5*l. Give y(l).
-17
Let v = 491 - 459. Let d(z) = -26*z - 4*z + v*z - 14. Determine d(6).
-2
Let s be 5/2 - (-1)/(-2). Let q(k) = 9*k + 3. Let f(u) = -u. Let y(z) = 24*f(z) + 3*q(z). Let v(o) = 2*o + 5. Let i(m) = -11*v(m) + 6*y(m). Give i(s).
-9
Let a(x) be the first derivative of 16*x**3/3 - x**2/2 + x + 14065. Let d = 0 - -1. Give a(d).
16
Let o = -3214 - -64281/20. Let t(x) be the second derivative of 0 + 0*x**2 + 1/2*x**3 + 11*x + o*x**5 + 1/3*x**4. What is t(-3)?
0
Let v(h) = -h**2 + 1. Suppose 0 = 8*k - 7*k - 2, 2*k = -4*w + 24. Let u(g) = -4*g**2 - 9*g + 9. Let t(b) = w*v(b) - u(b). Let q = -1 + 8. Calculate t(q).
10
Let t(h) = -115 + 3*h + 52 + 2*h**2 - 2*h + 64. Calculate t(-3).
16
Let u(p) = -279*p - 37 + p**2 + 157*p - 9 + 129*p. Determine u(-12).
14
Suppose 0 = -3*m + 4*f - 3, -4 = 4*m + f - 0. Let j(z) = 13*z + 4. Let g(l) = 18 - 14 - 37*l - 15. Let r(h) = -3*g(h) - 8*j(h). What is r(m)?
-6
Let i(b) = b + 1. Let d(y) = -y**2 + 5. Let l(m) = d(m) - i(m). Let u be 26/(-3) + (-2)/(-3). Let s = u + 8. What is l(s)?
4
Let h(j) be the third derivative of -j**7/2520 + j**5/30 - 25*j**4/24 - j**3/3 - 2*j**2 + 64*j. Let g(f) be the second derivative of h(f). Give g(5).
-21
Suppose 0 = -4*t - 2*a + 12, -5*t - 7 = -5*a - 52. Let s(j) = -4*j - t*j**2 - 3*j - 4 + 7*j**2 + 8*j. What is s(3)?
17
Let v(p) = p**3 - 11*p**2 + 3*p - 26. Suppose i + 7 = k, 36 = -6009*k + 6013*k - 2*i. What is v(k)?
7
Let d(a) = -4*a - 9*a**2 + 7 + a**3 + 4*a**2 - 4. Let q(s) = -s - 1. Let k be q(-1). Suppose k = 3*l + 7 - 22. What is d(l)?
-17
Let v = -46 + 47. Let h(z) = 104*z + 7. Let s(q) = -15*q - 1. Let j(n) = -h(n) - 6*s(n). Calculate j(v).
-15
Let j(l) be the first derivative of -2*l**3/3 - 7*l**2/2 + 61*l + 4992. What is j(4)?
1
Let d be ((-176)/(-264))/((-4)/114) + 2 + 4. Let g(n) = -n**3 - 21*n**2 - 108*n - 5. Calculate g(d).
47
Let a be (15 - 10) + (36/(-4) - 0). Let v(z) = -3*z**2 + z - 2. D